{"id":186,"date":"2022-09-20T12:03:19","date_gmt":"2022-09-20T12:03:19","guid":{"rendered":"https:\/\/vyzuoneles.lt\/?page_id=186"},"modified":"2022-09-22T09:01:34","modified_gmt":"2022-09-22T09:01:34","slug":"technine-pagalba-kelyje","status":"publish","type":"page","link":"https:\/\/vyzuoneles.lt\/?page_id=186","title":{"rendered":"Technin\u0117 pagalba kelyje"},"content":{"rendered":"\t\t<div data-elementor-type=\"wp-page\" data-elementor-id=\"186\" class=\"elementor elementor-186\">\n\t\t\t\t\t\t<section class=\"elementor-section elementor-top-section elementor-element elementor-element-9eadbb7 elementor-section-boxed elementor-section-height-default elementor-section-height-default wpr-particle-no wpr-jarallax-no wpr-parallax-no wpr-sticky-section-no\" data-id=\"9eadbb7\" data-element_type=\"section\">\n\t\t\t\t\t\t<div class=\"elementor-container elementor-column-gap-default\">\n\t\t\t\t\t<div class=\"elementor-column elementor-col-100 elementor-top-column elementor-element elementor-element-2df49eb\" data-id=\"2df49eb\" data-element_type=\"column\">\n\t\t\t<div class=\"elementor-widget-wrap elementor-element-populated\">\n\t\t\t\t\t\t<div class=\"elementor-element elementor-element-dfe3574 elementor-widget elementor-widget-text-editor\" data-id=\"dfe3574\" data-element_type=\"widget\" data-widget_type=\"text-editor.default\">\n\t\t\t\t<div class=\"elementor-widget-container\">\n\t\t\t\t\t\t\t\t\t<div style=\"font-size: 15px; font-family: inherit; font-style: inherit; font-weight: inherit; outline: 0px;\"><h5 style=\"margin-top: 0px; margin-bottom: 0px; font-size: 32px; font-family: Montserrat, Helvetica, Arial, sans-serif; outline: 0px; letter-spacing: 0em; color: #1d2634; text-align: left;\"><span style=\"font-size: 15px; font-family: inherit; font-style: inherit; font-weight: inherit; color: #777777;\">Teikiame technin\u0119 pagalb\u0105 kelyje vis\u0105 par\u0105, nepriklausomai nuo oro s\u0105lyg\u0173, tod\u0117l \u012fvy<\/span><span style=\"font-size: 15px; font-family: inherit; font-style: inherit; font-weight: inherit; color: #777777;\">kus\u00a0<\/span><span style=\"font-size: 15px; font-family: inherit; font-style: inherit; font-weight: inherit; color: #777777;\">auto\u012fvykiui ar tiesiog kelyje sugedus J\u016bs\u0173 automobiliui, mes pas<\/span><span style=\"font-size: 15px; font-family: inherit; font-style: inherit; font-weight: inherit; color: #777777;\">iruo\u0161\u0119 greitai ir\u00a0<\/span><span style=\"font-size: 15px; font-family: inherit; font-style: inherit; font-weight: inherit; color: #777777;\">pati<\/span><span style=\"font-size: 15px; font-family: inherit; font-style: inherit; font-weight: inherit; color: #777777;\">kimai suteikti technin\u0117s pagalbos kelyje p<\/span><span style=\"font-size: 15px; font-family: inherit; font-style: inherit; font-weight: inherit; color: #777777;\">aslaugas.<\/span><\/h5><\/div><div style=\"font-size: 15px; font-family: inherit; font-style: inherit; font-weight: inherit; outline: 0px;\"><p style=\"margin-bottom: 0px; font-size: 15px; font-family: inherit; font-style: inherit; font-weight: inherit; outline: 0px;\"><span style=\"font-size: 15px; font-weight: bold; font-family: inherit; font-style: inherit;\">Transportuojame<\/span><\/p><\/div><div style=\"font-size: 15px; font-family: inherit; font-style: inherit; font-weight: inherit; outline: 0px;\"><ul style=\"font-size: 15px; color: #777777; font-family: Montserrat, Helvetica, Arial, sans-serif;\"><li style=\"font-size: 15px;\">Lengvuosius automobilius<\/li><li style=\"font-size: 15px;\">Mikroautobusus<\/li><li style=\"font-size: 15px;\">Sportinius automobilius<\/li><li style=\"font-size: 15px;\">\u017dem\u0117s \u016bkio statybin\u0119 technik\u0105 \u012e<\/li><li style=\"font-size: 15px;\">\u012evarius krovinius<\/li><li style=\"font-size: 15px;\">Motociklus<\/li><\/ul><div style=\"font-size: 15px; color: #777777; font-family: Montserrat, Helvetica, Arial, sans-serif;\">\u00a0<\/div><\/div>\t\t\t\t\t\t\t\t<\/div>\n\t\t\t\t<\/div>\n\t\t\t\t\t<\/div>\n\t\t<\/div>\n\t\t\t\t\t<\/div>\n\t\t<\/section>\n\t\t\t\t<section class=\"elementor-section elementor-top-section elementor-element elementor-element-d0e0a44 elementor-section-boxed elementor-section-height-default elementor-section-height-default wpr-particle-no wpr-jarallax-no wpr-parallax-no wpr-sticky-section-no\" data-id=\"d0e0a44\" data-element_type=\"section\">\n\t\t\t\t\t\t<div class=\"elementor-container elementor-column-gap-default\">\n\t\t\t\t\t<div class=\"elementor-column elementor-col-100 elementor-top-column elementor-element elementor-element-f1802ca\" data-id=\"f1802ca\" data-element_type=\"column\">\n\t\t\t<div class=\"elementor-widget-wrap elementor-element-populated\">\n\t\t\t\t\t\t<div class=\"elementor-element elementor-element-f0f3074 elementor-widget elementor-widget-image\" data-id=\"f0f3074\" data-element_type=\"widget\" data-widget_type=\"image.default\">\n\t\t\t\t<div class=\"elementor-widget-container\">\n\t\t\t\t\t\t\t\t\t\t\t\t\t\t\t<img fetchpriority=\"high\" decoding=\"async\" width=\"665\" height=\"201\" src=\"https:\/\/vyzuoneles.lt\/wp-content\/uploads\/2022\/09\/pikup-e1663662374463.jpg\" class=\"attachment-large size-large wp-image-88\" alt=\"\" srcset=\"https:\/\/vyzuoneles.lt\/wp-content\/uploads\/2022\/09\/pikup-e1663662374463.jpg 960w, https:\/\/vyzuoneles.lt\/wp-content\/uploads\/2022\/09\/pikup-e1663662374463-300x91.jpg 300w, https:\/\/vyzuoneles.lt\/wp-content\/uploads\/2022\/09\/pikup-e1663662374463-768x232.jpg 768w\" sizes=\"(max-width: 665px) 100vw, 665px\" \/>\t\t\t\t\t\t\t\t\t\t\t\t\t\t\t<\/div>\n\t\t\t\t<\/div>\n\t\t\t\t\t<\/div>\n\t\t<\/div>\n\t\t\t\t\t<\/div>\n\t\t<\/section>\n\t\t\t\t<\/div>\n\t\t","protected":false},"excerpt":{"rendered":"<p>Teikiame technin\u0119 pagalb\u0105 kelyje vis\u0105 par\u0105, nepriklausomai nuo oro s\u0105lyg\u0173, tod\u0117l \u012fvykus\u00a0auto\u012fvykiui ar tiesiog kelyje sugedus J\u016bs\u0173 automobiliui, mes pasiruo\u0161\u0119 greitai ir\u00a0patikimai suteikti technin\u0117s pagalbos kelyje paslaugas. Transportuojame Lengvuosius automobilius Mikroautobusus Sportinius automobilius \u017dem\u0117s \u016bkio statybin\u0119 technik\u0105 \u012e \u012evarius krovinius Motociklus \u00a0<\/p>\n","protected":false},"author":1,"featured_media":0,"parent":0,"menu_order":0,"comment_status":"closed","ping_status":"closed","template":"","meta":{"footnotes":""},"class_list":["post-186","page","type-page","status-publish","hentry"],"yoast_head":"<!-- This site is optimized with the Yoast SEO plugin v25.5 - https:\/\/yoast.com\/wordpress\/plugins\/seo\/ -->\n<title>Technin\u0117 pagalba kelyje - Vyzuoneles.lt<\/title>\n<meta name=\"robots\" content=\"index, follow, max-snippet:-1, max-image-preview:large, max-video-preview:-1\" \/>\n<link rel=\"canonical\" href=\"https:\/\/vyzuoneles.lt\/?page_id=186\" \/>\n<meta property=\"og:locale\" content=\"lt_LT\" \/>\n<meta property=\"og:type\" content=\"article\" \/>\n<meta property=\"og:title\" content=\"Technin\u0117 pagalba kelyje - Vyzuoneles.lt\" \/>\n<meta property=\"og:description\" content=\"Teikiame technin\u0119 pagalb\u0105 kelyje vis\u0105 par\u0105, nepriklausomai nuo oro s\u0105lyg\u0173, tod\u0117l \u012fvykus\u00a0auto\u012fvykiui ar tiesiog kelyje sugedus J\u016bs\u0173 automobiliui, mes pasiruo\u0161\u0119 greitai ir\u00a0patikimai suteikti technin\u0117s pagalbos kelyje paslaugas. Transportuojame Lengvuosius automobilius Mikroautobusus Sportinius automobilius \u017dem\u0117s \u016bkio statybin\u0119 technik\u0105 \u012e \u012evarius krovinius Motociklus \u00a0\" \/>\n<meta property=\"og:url\" content=\"https:\/\/vyzuoneles.lt\/?page_id=186\" \/>\n<meta property=\"og:site_name\" content=\"Vyzuoneles.lt\" \/>\n<meta property=\"article:publisher\" content=\"https:\/\/www.facebook.com\/vyzuoneles.lt\" \/>\n<meta property=\"article:modified_time\" content=\"2022-09-22T09:01:34+00:00\" \/>\n<meta property=\"og:image\" content=\"http:\/\/vyzuoneles.lt\/wp-content\/uploads\/2022\/09\/pikup-e1663662374463.jpg\" \/>\n<meta name=\"twitter:card\" content=\"summary_large_image\" \/>\n<script type=\"application\/ld+json\" class=\"yoast-schema-graph\">{\"@context\":\"https:\/\/schema.org\",\"@graph\":[{\"@type\":\"WebPage\",\"@id\":\"https:\/\/vyzuoneles.lt\/?page_id=186\",\"url\":\"https:\/\/vyzuoneles.lt\/?page_id=186\",\"name\":\"Technin\u0117 pagalba kelyje - Vyzuoneles.lt\",\"isPartOf\":{\"@id\":\"https:\/\/vyzuoneles.lt\/#website\"},\"primaryImageOfPage\":{\"@id\":\"https:\/\/vyzuoneles.lt\/?page_id=186#primaryimage\"},\"image\":{\"@id\":\"https:\/\/vyzuoneles.lt\/?page_id=186#primaryimage\"},\"thumbnailUrl\":\"http:\/\/vyzuoneles.lt\/wp-content\/uploads\/2022\/09\/pikup-e1663662374463.jpg\",\"datePublished\":\"2022-09-20T12:03:19+00:00\",\"dateModified\":\"2022-09-22T09:01:34+00:00\",\"breadcrumb\":{\"@id\":\"https:\/\/vyzuoneles.lt\/?page_id=186#breadcrumb\"},\"inLanguage\":\"lt-LT\",\"potentialAction\":[{\"@type\":\"ReadAction\",\"target\":[\"https:\/\/vyzuoneles.lt\/?page_id=186\"]}]},{\"@type\":\"ImageObject\",\"inLanguage\":\"lt-LT\",\"@id\":\"https:\/\/vyzuoneles.lt\/?page_id=186#primaryimage\",\"url\":\"https:\/\/vyzuoneles.lt\/wp-content\/uploads\/2022\/09\/pikup-e1663662374463.jpg\",\"contentUrl\":\"https:\/\/vyzuoneles.lt\/wp-content\/uploads\/2022\/09\/pikup-e1663662374463.jpg\",\"width\":960,\"height\":290},{\"@type\":\"BreadcrumbList\",\"@id\":\"https:\/\/vyzuoneles.lt\/?page_id=186#breadcrumb\",\"itemListElement\":[{\"@type\":\"ListItem\",\"position\":1,\"name\":\"Home\",\"item\":\"https:\/\/vyzuoneles.lt\/\"},{\"@type\":\"ListItem\",\"position\":2,\"name\":\"Technin\u0117 pagalba kelyje\"}]},{\"@type\":\"WebSite\",\"@id\":\"https:\/\/vyzuoneles.lt\/#website\",\"url\":\"https:\/\/vyzuoneles.lt\/\",\"name\":\"Vyzuoneles.lt\",\"description\":\"\",\"publisher\":{\"@id\":\"https:\/\/vyzuoneles.lt\/#organization\"},\"potentialAction\":[{\"@type\":\"SearchAction\",\"target\":{\"@type\":\"EntryPoint\",\"urlTemplate\":\"https:\/\/vyzuoneles.lt\/?s={search_term_string}\"},\"query-input\":{\"@type\":\"PropertyValueSpecification\",\"valueRequired\":true,\"valueName\":\"search_term_string\"}}],\"inLanguage\":\"lt-LT\"},{\"@type\":\"Organization\",\"@id\":\"https:\/\/vyzuoneles.lt\/#organization\",\"name\":\"Vyzuoneles.lt\",\"url\":\"https:\/\/vyzuoneles.lt\/\",\"logo\":{\"@type\":\"ImageObject\",\"inLanguage\":\"lt-LT\",\"@id\":\"https:\/\/vyzuoneles.lt\/#\/schema\/logo\/image\/\",\"url\":\"https:\/\/vyzuoneles.lt\/wp-content\/uploads\/2022\/09\/Pagalba-kelyje.png\",\"contentUrl\":\"https:\/\/vyzuoneles.lt\/wp-content\/uploads\/2022\/09\/Pagalba-kelyje.png\",\"width\":500,\"height\":500,\"caption\":\"Vyzuoneles.lt\"},\"image\":{\"@id\":\"https:\/\/vyzuoneles.lt\/#\/schema\/logo\/image\/\"},\"sameAs\":[\"https:\/\/www.facebook.com\/vyzuoneles.lt\"]}]}<\/script>\n<!-- \/ Yoast SEO plugin. -->","yoast_head_json":{"title":"Technin\u0117 pagalba kelyje - Vyzuoneles.lt","robots":{"index":"index","follow":"follow","max-snippet":"max-snippet:-1","max-image-preview":"max-image-preview:large","max-video-preview":"max-video-preview:-1"},"canonical":"https:\/\/vyzuoneles.lt\/?page_id=186","og_locale":"lt_LT","og_type":"article","og_title":"Technin\u0117 pagalba kelyje - Vyzuoneles.lt","og_description":"Teikiame technin\u0119 pagalb\u0105 kelyje vis\u0105 par\u0105, nepriklausomai nuo oro s\u0105lyg\u0173, tod\u0117l \u012fvykus\u00a0auto\u012fvykiui ar tiesiog kelyje sugedus J\u016bs\u0173 automobiliui, mes pasiruo\u0161\u0119 greitai ir\u00a0patikimai suteikti technin\u0117s pagalbos kelyje paslaugas. Transportuojame Lengvuosius automobilius Mikroautobusus Sportinius automobilius \u017dem\u0117s \u016bkio statybin\u0119 technik\u0105 \u012e \u012evarius krovinius Motociklus \u00a0","og_url":"https:\/\/vyzuoneles.lt\/?page_id=186","og_site_name":"Vyzuoneles.lt","article_publisher":"https:\/\/www.facebook.com\/vyzuoneles.lt","article_modified_time":"2022-09-22T09:01:34+00:00","og_image":[{"url":"http:\/\/vyzuoneles.lt\/wp-content\/uploads\/2022\/09\/pikup-e1663662374463.jpg","type":"","width":"","height":""}],"twitter_card":"summary_large_image","schema":{"@context":"https:\/\/schema.org","@graph":[{"@type":"WebPage","@id":"https:\/\/vyzuoneles.lt\/?page_id=186","url":"https:\/\/vyzuoneles.lt\/?page_id=186","name":"Technin\u0117 pagalba kelyje - Vyzuoneles.lt","isPartOf":{"@id":"https:\/\/vyzuoneles.lt\/#website"},"primaryImageOfPage":{"@id":"https:\/\/vyzuoneles.lt\/?page_id=186#primaryimage"},"image":{"@id":"https:\/\/vyzuoneles.lt\/?page_id=186#primaryimage"},"thumbnailUrl":"http:\/\/vyzuoneles.lt\/wp-content\/uploads\/2022\/09\/pikup-e1663662374463.jpg","datePublished":"2022-09-20T12:03:19+00:00","dateModified":"2022-09-22T09:01:34+00:00","breadcrumb":{"@id":"https:\/\/vyzuoneles.lt\/?page_id=186#breadcrumb"},"inLanguage":"lt-LT","potentialAction":[{"@type":"ReadAction","target":["https:\/\/vyzuoneles.lt\/?page_id=186"]}]},{"@type":"ImageObject","inLanguage":"lt-LT","@id":"https:\/\/vyzuoneles.lt\/?page_id=186#primaryimage","url":"https:\/\/vyzuoneles.lt\/wp-content\/uploads\/2022\/09\/pikup-e1663662374463.jpg","contentUrl":"https:\/\/vyzuoneles.lt\/wp-content\/uploads\/2022\/09\/pikup-e1663662374463.jpg","width":960,"height":290},{"@type":"BreadcrumbList","@id":"https:\/\/vyzuoneles.lt\/?page_id=186#breadcrumb","itemListElement":[{"@type":"ListItem","position":1,"name":"Home","item":"https:\/\/vyzuoneles.lt\/"},{"@type":"ListItem","position":2,"name":"Technin\u0117 pagalba kelyje"}]},{"@type":"WebSite","@id":"https:\/\/vyzuoneles.lt\/#website","url":"https:\/\/vyzuoneles.lt\/","name":"Vyzuoneles.lt","description":"","publisher":{"@id":"https:\/\/vyzuoneles.lt\/#organization"},"potentialAction":[{"@type":"SearchAction","target":{"@type":"EntryPoint","urlTemplate":"https:\/\/vyzuoneles.lt\/?s={search_term_string}"},"query-input":{"@type":"PropertyValueSpecification","valueRequired":true,"valueName":"search_term_string"}}],"inLanguage":"lt-LT"},{"@type":"Organization","@id":"https:\/\/vyzuoneles.lt\/#organization","name":"Vyzuoneles.lt","url":"https:\/\/vyzuoneles.lt\/","logo":{"@type":"ImageObject","inLanguage":"lt-LT","@id":"https:\/\/vyzuoneles.lt\/#\/schema\/logo\/image\/","url":"https:\/\/vyzuoneles.lt\/wp-content\/uploads\/2022\/09\/Pagalba-kelyje.png","contentUrl":"https:\/\/vyzuoneles.lt\/wp-content\/uploads\/2022\/09\/Pagalba-kelyje.png","width":500,"height":500,"caption":"Vyzuoneles.lt"},"image":{"@id":"https:\/\/vyzuoneles.lt\/#\/schema\/logo\/image\/"},"sameAs":["https:\/\/www.facebook.com\/vyzuoneles.lt"]}]}},"_links":{"self":[{"href":"https:\/\/vyzuoneles.lt\/index.php?rest_route=\/wp\/v2\/pages\/186","targetHints":{"allow":["GET"]}}],"collection":[{"href":"https:\/\/vyzuoneles.lt\/index.php?rest_route=\/wp\/v2\/pages"}],"about":[{"href":"https:\/\/vyzuoneles.lt\/index.php?rest_route=\/wp\/v2\/types\/page"}],"author":[{"embeddable":true,"href":"https:\/\/vyzuoneles.lt\/index.php?rest_route=\/wp\/v2\/users\/1"}],"replies":[{"embeddable":true,"href":"https:\/\/vyzuoneles.lt\/index.php?rest_route=%2Fwp%2Fv2%2Fcomments&post=186"}],"version-history":[{"count":4,"href":"https:\/\/vyzuoneles.lt\/index.php?rest_route=\/wp\/v2\/pages\/186\/revisions"}],"predecessor-version":[{"id":255,"href":"https:\/\/vyzuoneles.lt\/index.php?rest_route=\/wp\/v2\/pages\/186\/revisions\/255"}],"wp:attachment":[{"href":"https:\/\/vyzuoneles.lt\/index.php?rest_route=%2Fwp%2Fv2%2Fmedia&parent=186"}],"curies":[{"name":"wp","href":"https:\/\/api.w.org\/{rel}","templated":true}]}}